 are the prime factors of 149723868?
2, 3, 7, 29, 61463
What are the prime factors of 4196597253?
3, 59, 23709589
What are the prime factors of 16503465?
3, 5, 11, 29, 3449
What are the prime factors of 60622689?
3, 20207563
What are the prime factors of 17802487?
19, 41, 22853
List the prime factors of 76117979.
7, 1091, 9967
List the prime factors of 1277477519.
1277477519
List the prime factors of 144273791.
53, 2722147
What are the prime factors of 213176158?
2, 13, 17, 29, 16631
List the prime factors of 942593712.
2, 3, 43, 456683
List the prime factors of 3731444501.
18503, 201667
List the prime factors of 30606799.
30606799
What are the prime factors of 977625?
3, 5, 11, 79
What are the prime factors of 2948046499?
45869, 64271
List the prime factors of 108242885.
5, 1117, 19381
List the prime factors of 82619360.
2, 5, 516371
What are the prime factors of 38809662?
2, 3, 6468277
List the prime factors of 4674161781.
3, 17, 3394453
What are the prime factors of 316988359?
3643, 87013
What are the prime factors of 2314711375?
5, 23, 41, 73, 269
List the prime factors of 1743255262.
2, 7, 17788319
List the prime factors of 1367520550.
2, 5, 11, 97, 25633
What are the prime factors of 455909412?
2, 3, 7, 37, 383
List the prime factors of 1922622546.
2, 3, 13, 24649007
List the prime factors of 462294771.
3, 29, 2083, 2551
List the prime factors of 8604604426.
2, 11, 391118383
List the prime factors of 2220641000.
2, 5, 199, 11159
What are the prime factors of 3970205534?
2, 17, 19, 6145829
List the prime factors of 572766684.
2, 3, 7, 461, 2113
What are the prime factors of 86128092?
2, 3, 2392447
What are the prime factors of 6697162?
2, 3348581
What are the prime factors of 914427770?
2, 5, 31, 47, 62761
What are the prime factors of 176519769?
3, 58839923
List the prime factors of 428617948.
2, 11, 89, 109453
List the prime factors of 1608883637.
439, 3664883
What are the prime factors of 194723231?
194723231
List the prime factors of 40567093.
7, 67, 1291
List the prime factors of 179382256.
2, 83, 135077
What are the prime factors of 5333382635?
5, 7, 1471, 103591
What are the prime factors of 17105809?
7, 2443687
List the prime factors of 14200762.
2, 7100381
List the prime factors of 255684690.
2, 3, 5, 73, 38917
What are the prime factors of 134595027?
3, 7, 67, 1181
What are the prime factors of 684038864?
2, 1877, 22777
What are the prime factors of 97861943?
47, 59, 35291
List the prime factors of 24270384.
2, 3, 505633
List the prime factors of 938547761.
1889, 496849
List the prime factors of 46916062.
2, 271, 86561
What are the prime factors of 547985032?
2, 7, 47, 607
List the prime factors of 2422750771.
7, 346107253
List the prime factors of 3983762285.
5, 2503, 318319
What are the prime factors of 406875038?
2, 203437519
What are the prime factors of 41573412?
2, 3, 53, 269
What are the prime factors of 199933995?
3, 5, 223, 59771
List the prime factors of 77056665.
3, 5, 7, 17, 881
List the prime factors of 50340732.
2, 3, 13, 467, 691
List the prime factors of 1711718.
2, 239, 3581
List the prime factors of 57174811.
57174811
What are the prime factors of 53708950?
2, 5, 17, 179, 353
What are the prime factors of 14825546?
2, 7412773
What are the prime factors of 147467042?
2, 373, 197677
What are the prime factors of 503134935?
3, 5, 967, 34687
What are the prime factors of 6246395999?
6246395999
List the prime factors of 321687216.
2, 3, 2233939
List the prime factors of 83230879.
383, 217313
List the prime factors of 1609218977.
1609218977
What are the prime factors of 1307404420?
2, 5, 7, 9338603
What are the prime factors of 53070592?
2, 207307
List the prime factors of 34533364.
2, 1423, 6067
List the prime factors of 64969901.
64969901
List the prime factors of 1174223131.
1667, 704393
List the prime factors of 90806925.
3, 5, 11, 110069
List the prime factors of 741359972.
2, 37, 53, 94513
What are the prime factors of 8898014?
2, 271, 16417
What are the prime factors of 243226892?
2, 449, 135427
List the prime factors of 7551144.
2, 3, 43, 271
List the prime factors of 826216459.
89, 9283331
What are the prime factors of 224681757?
3, 74893919
What are the prime factors of 470367314?
2, 89, 2642513
List the prime factors of 76575341.
29, 1109, 2381
List the prime factors of 204954498.
2, 3, 7, 47, 53, 653
List the prime factors of 420787633.
7, 41, 109, 13451
List the prime factors of 125579602.
2, 61, 1029341
What are the prime factors of 531926223?
3, 19, 9332039
List the prime factors of 4958240708.
2, 761, 1628857
What are the prime factors of 125066573?
125066573
List the prime factors of 2591319422.
2, 1295659711
What are the prime factors of 132106637?
13, 1621, 6269
List the prime factors of 4523914039.
37, 122267947
What are the prime factors of 87543171?
3, 83, 117193
List the prime factors of 201470002.
2, 100735001
What are the prime factors of 448551313?
7, 23, 269, 10357
List the prime factors of 973756253.
973756253
What are the prime factors of 369208428?
2, 3, 887, 34687
What are the prime factors of 1095915838?
2, 7963, 68813
List the prime factors of 170188474.
2, 85094237
What are the prime factors of 2334815637?
3, 7, 11, 918857
What are the prime factors of 75293594?
2, 37, 1017481
List the prime factors of 576323236.
2, 23, 6264383
What are the prime factors of 1190504675?
5, 101, 471487
What are the prime factors of 83698897?
167, 501191
List the prime factors of 5699923439.
7, 73, 11154449
List the prime factors of 636802853.
211, 3018023
What are the prime factors of 85123419?
3, 28374473
List the prime factors of 2381784008.
2, 297723001
List the prime factors of 90992265.
3, 5, 7, 13, 89, 107
What are the prime factors of 28208628?
2, 3, 7, 37313
List the prime factors of 4353093827.
23, 189264949
List the prime factors of 37795185.
3, 5, 89, 9437
List the prime factors of 5106574.
2, 11, 232117
List the prime factors of 75238835.
5, 7, 2149681
What are the prime factors of 596945444?
2, 11959, 12479
List the prime factors of 362516606.
2, 181258303
List the prime factors of 437393200.
2, 5, 683, 1601
List the prime factors of 3044298538.
2, 23, 66180403
What are the prime factors of 94773764?
2, 509, 46549
List the prime factors of 3650291481.
3, 1216763827
List the prime factors of 54356910.
2, 3, 5, 19, 47, 2029
What are the prime factors of 245327726?
2, 7, 61, 287269
What are the prime factors of 2805556062?
2, 3, 1913, 244429
What are the prime factors of 90166507?
31, 2908597
What are the prime factors of 273446935?
5, 54689387
What are the prime factors of 34091547?
3, 7, 167, 9721
List the prime factors of 5616333447.
3, 269, 6959521
What are the prime factors of 1204367761?
167, 7211783
List the prime factors of 24083839.
13, 71, 97, 269
List the prime factors of 1248083.
1248083
What are the prime factors of 122855624?
2, 1279, 12007
List the prime factors of 1228370.
2, 5, 11, 13, 859
What are the prime factors of 153555813?
3, 113, 150989
What are the prime factors of 247138704?
2, 3, 1716241
What are the prime factors of 79993931?
23, 509, 6833
List the prime factors of 443287114.
2, 4297, 51581
What are the prime factors of 1773096043?
523, 601, 5641
What are the prime factors of 1844241607?
13, 141864739
List the prime factors of 95787240.
2, 3, 5, 798227
What are the prime factors of 42432455?
5, 13, 107, 6101
List the prime factors of 2575549066.
2, 19, 59, 1148773
What are the prime factors of 4382959570?
2, 5, 11, 269, 148123
List the prime factors of 1734065915.
5, 1637, 211859
What are the prime factors of 90569828?
2, 22642457
List the prime factors of 9152034.
2, 3, 19, 43, 1867
What are the prime factors of 2304732991?
11, 209521181
What are the prime factors of 3671588442?
2, 3, 29, 2887, 7309
List the prime factors of 52382439.
3, 29, 200699
List the prime factors of 988045003.
11, 37, 229, 10601
What are the prime factors of 47018622?
2, 3, 7, 113, 9907
What are the prime factors of 1500772638?
2, 3, 79, 3166187
What are the prime factors of 39944015?
5, 7988803
List the prime factors of 9196949866.
2, 13, 353728841
What are the prime factors of 651991368?
2, 3, 7, 3880901
What are the prime factors of 1947289596?
2, 3, 7, 3311717
What are the prime 